{"id":5,"date":"2020-01-13T11:17:52","date_gmt":"2020-01-13T11:17:52","guid":{"rendered":"https:\/\/demosites.io\/web-agency-gb\/?page_id=5"},"modified":"2023-12-09T10:04:21","modified_gmt":"2023-12-09T09:04:21","slug":"home","status":"publish","type":"page","link":"https:\/\/fryzjer-stylistka.pl\/","title":{"rendered":"Home"},"content":{"rendered":"\n<div class=\"wp-block-cover alignfull\" style=\"min-height:700px;aspect-ratio:unset;\"><span aria-hidden=\"true\" class=\"wp-block-cover__background has-background-dim-0 has-background-dim\"><\/span><img loading=\"lazy\" decoding=\"async\" width=\"1920\" height=\"1080\" class=\"wp-block-cover__image-background wp-image-55\" alt=\"\" src=\"http:\/\/fryzjer-stylistka.pl\/wp-content\/uploads\/2015\/07\/bg2.jpg\" data-object-fit=\"cover\" srcset=\"https:\/\/fryzjer-stylistka.pl\/wp-content\/uploads\/2015\/07\/bg2.jpg 1920w, https:\/\/fryzjer-stylistka.pl\/wp-content\/uploads\/2015\/07\/bg2-300x169.jpg 300w, https:\/\/fryzjer-stylistka.pl\/wp-content\/uploads\/2015\/07\/bg2-1024x576.jpg 1024w, https:\/\/fryzjer-stylistka.pl\/wp-content\/uploads\/2015\/07\/bg2-1080x608.jpg 1080w\" sizes=\"auto, (max-width: 1920px) 100vw, 1920px\" \/><div class=\"wp-block-cover__inner-container is-layout-flow wp-block-cover-is-layout-flow\">\n<div style=\"height:80px\" aria-hidden=\"true\" class=\"wp-block-spacer\"><\/div>\n\n\n\n<h1 class=\"wp-block-heading has-text-align-center has-text-color\" style=\"color:#121212\"><\/h1>\n\n\n\n<div style=\"height:80px\" aria-hidden=\"true\" class=\"wp-block-spacer\"><\/div>\n\n\n\n<div class=\"wp-block-columns is-layout-flex wp-container-core-columns-is-layout-9d6595d7 wp-block-columns-is-layout-flex\">\n<div class=\"wp-block-column is-layout-flow wp-block-column-is-layout-flow\">\n<div class=\"wp-block-buttons is-layout-flex wp-block-buttons-is-layout-flex\">\n<div class=\"wp-block-button\"><a class=\"wp-block-button__link wp-element-button\" href=\"https:\/\/booksy.com\/pl-pl\/15344_fryzjer-stylista-edyta-heinrich_fryzjer_3_warszawa\">Booksy<\/a><\/div>\n\n\n\n<div class=\"wp-block-button\"><a class=\"wp-block-button__link wp-element-button\" href=\"https:\/\/www.facebook.com\/fryzjerstylistaedyta\/\">Facebook<\/a><\/div>\n<\/div>\n<\/div>\n<\/div>\n\n\n\n<div style=\"height:80px\" aria-hidden=\"true\" class=\"wp-block-spacer\"><\/div>\n<\/div><\/div>\n\n\n\n<div style=\"height:80px\" aria-hidden=\"true\" class=\"wp-block-spacer\"><\/div>\n\n\n\n<div class=\"wp-block-columns is-layout-flex wp-container-core-columns-is-layout-9d6595d7 wp-block-columns-is-layout-flex\">\n<div class=\"wp-block-column is-layout-flow wp-block-column-is-layout-flow\">\n<h4 class=\"wp-block-heading\">Mam na imi\u0119 Edyta , jestem dyplomowan\u0105 &nbsp;stylistk\u0105 fryzur. Od 20-tu lat zdobywam do\u015bwiadczenie i praktyk\u0119 w zawodzie fryzjerskim, uczestnicz\u0119 w sesjach zdj\u0119ciowych , metamorfozach oraz pokazach\u2026<\/h4>\n\n\n\n<h4 class=\"wp-block-heading\">Jestem ambitna i nieustannie d\u0105\u017c\u0119 do &nbsp;doskona\u0142o\u015bci w dziedzinie stylizacji fryzur doszkalaj\u0105c si\u0119 na bie\u017c\u0105co, pracuj\u0105c na wysokiej &nbsp;klasy produktach , co daje klientkom &nbsp;gwarancje dobrze i profesjonalnie wykonanej us\u0142ugi.&nbsp;Dbam o wysok\u0105 jako\u015b\u0107 \u015bwiadczonych przeze mnie &nbsp;us\u0142ug jak i ka\u017cdy, najdrobniejszy szczeg\u00f3\u0142, troszcz\u0105c si\u0119 r\u00f3wnocze\u015bnie o to, by wizyta przebieg\u0142a w &nbsp;najlepszej atmosferze.<\/h4>\n\n\n\n<h4 class=\"wp-block-heading\">Zapraszam do salonu\u2026 do osoby\u2026, kt\u00f3rej pasj\u0105 jest to co robi<\/h4>\n<\/div>\n<\/div>\n\n\n\n<div style=\"height:80px\" aria-hidden=\"true\" class=\"wp-block-spacer\"><\/div>\n","protected":false},"excerpt":{"rendered":"<p>Mam na imi\u0119 Edyta , jestem dyplomowan\u0105 &nbsp;stylistk\u0105 fryzur. Od 20-tu lat zdobywam do\u015bwiadczenie i praktyk\u0119 w zawodzie fryzjerskim, uczestnicz\u0119 w sesjach zdj\u0119ciowych , metamorfozach oraz pokazach\u2026 Jestem ambitna i nieustannie d\u0105\u017c\u0119 do &nbsp;doskona\u0142o\u015bci w dziedzinie stylizacji fryzur doszkalaj\u0105c si\u0119 na bie\u017c\u0105co, pracuj\u0105c na wysokiej &nbsp;klasy produktach , co daje klientkom &nbsp;gwarancje dobrze i profesjonalnie&hellip;&nbsp;<a href=\"https:\/\/fryzjer-stylistka.pl\/\" rel=\"bookmark\">Dowiedz si\u0119 wi\u0119cej &raquo;<span class=\"screen-reader-text\">Home<\/span><\/a><\/p>\n","protected":false},"author":1,"featured_media":0,"parent":0,"menu_order":0,"comment_status":"closed","ping_status":"closed","template":"","meta":{"neve_meta_sidebar":"default","neve_meta_container":"default","neve_meta_enable_content_width":"on","neve_meta_content_width":100,"neve_meta_title_alignment":"","neve_meta_author_avatar":"","neve_post_elements_order":"","neve_meta_disable_header":"","neve_meta_disable_footer":"","neve_meta_disable_title":"on","jetpack_post_was_ever_published":false,"footnotes":""},"class_list":["post-5","page","type-page","status-publish","hentry"],"jetpack_sharing_enabled":true,"jetpack_shortlink":"https:\/\/wp.me\/P6ysEe-5","_links":{"self":[{"href":"https:\/\/fryzjer-stylistka.pl\/index.php\/wp-json\/wp\/v2\/pages\/5","targetHints":{"allow":["GET"]}}],"collection":[{"href":"https:\/\/fryzjer-stylistka.pl\/index.php\/wp-json\/wp\/v2\/pages"}],"about":[{"href":"https:\/\/fryzjer-stylistka.pl\/index.php\/wp-json\/wp\/v2\/types\/page"}],"author":[{"embeddable":true,"href":"https:\/\/fryzjer-stylistka.pl\/index.php\/wp-json\/wp\/v2\/users\/1"}],"replies":[{"embeddable":true,"href":"https:\/\/fryzjer-stylistka.pl\/index.php\/wp-json\/wp\/v2\/comments?post=5"}],"version-history":[{"count":2,"href":"https:\/\/fryzjer-stylistka.pl\/index.php\/wp-json\/wp\/v2\/pages\/5\/revisions"}],"predecessor-version":[{"id":393,"href":"https:\/\/fryzjer-stylistka.pl\/index.php\/wp-json\/wp\/v2\/pages\/5\/revisions\/393"}],"wp:attachment":[{"href":"https:\/\/fryzjer-stylistka.pl\/index.php\/wp-json\/wp\/v2\/media?parent=5"}],"curies":[{"name":"wp","href":"https:\/\/api.w.org\/{rel}","templated":true}]}}